{"id":3,"date":"2018-10-26T15:14:07","date_gmt":"2018-10-26T13:14:07","guid":{"rendered":"https:\/\/www.dasyl-prevot.com\/?page_id=3"},"modified":"2020-02-11T14:54:37","modified_gmt":"2020-02-11T13:54:37","slug":"politique-de-confidentialite","status":"publish","type":"page","link":"https:\/\/www.dasyl-prevot.com\/index.php\/politique-de-confidentialite\/","title":{"rendered":"Politique de confidentialit\u00e9"},"content":{"rendered":"[et_pb_section fb_built=\u00a0\u00bb1&Prime; admin_label=\u00a0\u00bbsection\u00a0\u00bb _builder_version=\u00a0\u00bb4.3.2&Prime; hover_enabled=\u00a0\u00bb0&Prime; background_color=\u00a0\u00bb#000000&Prime;][et_pb_row admin_label=\u00a0\u00bbrow\u00a0\u00bb _builder_version=\u00a0\u00bb3.25&Prime; background_size=\u00a0\u00bbinitial\u00a0\u00bb background_position=\u00a0\u00bbtop_left\u00a0\u00bb background_repeat=\u00a0\u00bbrepeat\u00a0\u00bb hover_enabled=\u00a0\u00bb0&Prime;][et_pb_column type=\u00a0\u00bb4_4&Prime; _builder_version=\u00a0\u00bb3.25&Prime; custom_padding=\u00a0\u00bb|||\u00a0\u00bb custom_padding__hover=\u00a0\u00bb|||\u00a0\u00bb][et_pb_post_title _builder_version=\u00a0\u00bb4.3.2&Prime; meta=\u00a0\u00bboff\u00a0\u00bb featured_image=\u00a0\u00bboff\u00a0\u00bb text_color=\u00a0\u00bblight\u00a0\u00bb hover_enabled=\u00a0\u00bb0&Prime; text_orientation=\u00a0\u00bbcenter\u00a0\u00bb][\/et_pb_post_title][et_pb_text admin_label=\u00a0\u00bbText\u00a0\u00bb _builder_version=\u00a0\u00bb4.3.2&Prime; background_size=\u00a0\u00bbinitial\u00a0\u00bb background_position=\u00a0\u00bbtop_left\u00a0\u00bb background_repeat=\u00a0\u00bbrepeat\u00a0\u00bb hover_enabled=\u00a0\u00bb0&Prime; background_layout=\u00a0\u00bbdark\u00a0\u00bb]\n<p>Nous utilisons sur ce site un syst\u00e8me de compteur de visites fourni par WordPress.com via Jetpack.<\/p>\n\n\n\n<p>Nous n&rsquo;utilisons pas ces donn\u00e9es autrement qu&rsquo;\u00e0 des fins statistiques. Nous ne voyons pas qui a visit\u00e9 mais seulement d&rsquo;o\u00f9 il est venu (ex. Moteur de recherche Google)<\/p>\n\n\n\n<p>Quand vous remplissez le formulaire de contact, cela nous envoie un mail qui est trait\u00e9 de mani\u00e8re manuelle. Apr\u00e8s cela, nous ne conservons pas d&rsquo;adresse mail \u00e0 des fins publicitaires.<\/p>\n[\/et_pb_text][\/et_pb_column][\/et_pb_row][\/et_pb_section]","protected":false},"excerpt":{"rendered":"<p>Nous utilisons sur ce site un syst\u00e8me de compteur de visites fourni par WordPress.com via Jetpack. Nous n&rsquo;utilisons pas ces donn\u00e9es autrement qu&rsquo;\u00e0 des fins statistiques. Nous ne voyons pas qui a visit\u00e9 mais seulement d&rsquo;o\u00f9 il est venu (ex. Moteur de recherche Google) Quand vous remplissez le formulaire de contact, cela nous envoie un [&hellip;]<\/p>\n","protected":false},"author":1,"featured_media":0,"parent":0,"menu_order":0,"comment_status":"closed","ping_status":"open","template":"","meta":{"_seopress_robots_primary_cat":"","_seopress_titles_title":"","_seopress_titles_desc":"","_seopress_robots_index":"","_et_pb_use_builder":"on","_et_pb_old_content":"<!-- wp:paragraph -->\n<p>Nous utilisons sur ce site un syst\u00e8me de compteur de visites fourni par WordPress.com via Jetpack.<\/p>\n<!-- \/wp:paragraph -->\n\n<!-- wp:paragraph -->\n<p>Nous n'utilisons pas ces donn\u00e9es autrement qu'\u00e0 des fins statistiques. Nous ne voyons pas qui a visit\u00e9 mais seulement d'o\u00f9 il est venu (ex. Moteur de recherche Google)<\/p>\n<!-- \/wp:paragraph -->\n\n<!-- wp:paragraph -->\n<p>Quand vous remplissez le formulaire de contact, cela nous envoie un mail qui est trait\u00e9 de mani\u00e8re manuelle. Apr\u00e8s cela, nous ne conservons pas d'adresse mail \u00e0 des fins publicitaires.<\/p>\n<!-- \/wp:paragraph -->","_et_gb_content_width":"","footnotes":""},"class_list":["post-3","page","type-page","status-publish","hentry"],"jetpack_shortlink":"https:\/\/wp.me\/PaLYv6-3","jetpack_sharing_enabled":true,"_links":{"self":[{"href":"https:\/\/www.dasyl-prevot.com\/index.php\/wp-json\/wp\/v2\/pages\/3","targetHints":{"allow":["GET"]}}],"collection":[{"href":"https:\/\/www.dasyl-prevot.com\/index.php\/wp-json\/wp\/v2\/pages"}],"about":[{"href":"https:\/\/www.dasyl-prevot.com\/index.php\/wp-json\/wp\/v2\/types\/page"}],"author":[{"embeddable":true,"href":"https:\/\/www.dasyl-prevot.com\/index.php\/wp-json\/wp\/v2\/users\/1"}],"replies":[{"embeddable":true,"href":"https:\/\/www.dasyl-prevot.com\/index.php\/wp-json\/wp\/v2\/comments?post=3"}],"version-history":[{"count":5,"href":"https:\/\/www.dasyl-prevot.com\/index.php\/wp-json\/wp\/v2\/pages\/3\/revisions"}],"predecessor-version":[{"id":695,"href":"https:\/\/www.dasyl-prevot.com\/index.php\/wp-json\/wp\/v2\/pages\/3\/revisions\/695"}],"wp:attachment":[{"href":"https:\/\/www.dasyl-prevot.com\/index.php\/wp-json\/wp\/v2\/media?parent=3"}],"curies":[{"name":"wp","href":"https:\/\/api.w.org\/{rel}","templated":true}]}}